nvert 24303013 (base 5) to base 16.
37c9c
Convert -2ed2b2 (base 15) to base 14.
-431db2
What is -41539 (base 10) in base 9?
-62874
Convert -10110110001010010000111 (base 2) to base 10.
-5969031
-15020076 (base 8) to base 14
-64cd30
-3b0656 (base 15) to base 9
-5302760
What is -2104031240 (base 5) in base 7?
-52033404
What is 154647 (base 9) in base 5?
11022144
-5492135 (base 12) to base 10
-16115513
-220101123 (base 5) to base 4
-3211223310
-1201101 (base 7) to base 5
-14323111
What is -1042550 (base 6) in base 15?
-1083c
101111111000011110 (base 2) to base 10
196126
Convert -405602 (base 14) to base 11.
-124a548
Convert 110100000000110011011 (base 2) to base 14.
325191
Convert -1312324 (base 11) to base 16.
-22ac96
65212 (base 8) to base 16
6a8a
-301b (base 16) to base 10
-12315
What is -43501014 (base 6) in base 13?
-366241
What is 102002222210122 (base 3) in base 15?
7b9855
-326825a (base 11) to base 12
-1b07256
What is 478946 (base 11) in base 8?
2711316
1011010111110101101100 (base 2) to base 4
23113311230
Convert 82c713 (base 13) to base 5.
1240230104
What is -1406798 (base 13) in base 4?
-120020203013
What is -18b8b (base 14) in base 8?
-172267
Convert 113042110 (base 5) to base 3.
222100010012
Convert -135430 (base 10) to base 7.
-1102561
What is 8c6b53 (base 13) in base 5?
1323000220
12baad (base 14) to base 10
646953
Convert 2304300110 (base 5) to base 3.
100200122111212
Convert -12409b (base 14) to base 7.
-5214254
What is -59908 (base 10) in base 7?
-336442
What is -51601 (base 8) in base 13?
-9965
What is 130040113 (base 5) in base 3?
1011212210222
-1440032334 (base 5) to base 2
-1110100111001001001000
What is -104221411 (base 5) in base 2?
-1110000100000111000
-183615 (base 10) to base 6
-3534023
What is db9a (base 16) in base 7?
322621
What is 1632511 (base 8) in base 6?
14043001
What is -1100101001000111 (base 2) in base 10?
-51783
Convert -238608 (base 9) to base 10.
-144107
What is 8712b (base 12) in base 15?
37bc8
Convert 6120a16 (base 11) to base 4.
221101310332
What is 1516a8 (base 14) in base 5?
141441342
Convert -325312 (base 10) to base 8.
-1173300
What is -7080d (base 16) in base 10?
-460813
1c489c9 (base 13) to base 12
31a0b87
Convert 330200011 (base 4) to base 2.
111100100000000101
What is 11120012201 (base 3) in base 2?
10101111011011101
What is -56113 (base 10) in base 14?
-16641
What is 41405145 (base 7) in base 5?
1342341341
-3128a (base 12) to base 14
-19630
-430121423 (base 5) to base 15
-258b93
What is 1113431 (base 6) in base 5?
3302124
What is 121221 (base 10) in base 3?
20011021200
What is -4368341 (base 9) in base 13?
-642ba4
What is 3113154 (base 7) in base 16?
5b218
What is 6928b (base 14) in base 13?
8c50a
Convert -998144 (base 10) to base 5.
-223420034
What is 17160533 (base 8) in base 3?
21111201001021
Convert -1021020021211 (base 3) to base 15.
-d49a7
Convert -65a35 (base 12) to base 15.
-29ce2
What is -1010000111010100000010 (base 2) in base 5?
-1134321034
What is -1100112001220 (base 3) in base 13?
-1c226a
-12210203 (base 5) to base 7
-663035
What is -660529 (base 16) in base 15?
-8c107d
What is -5411102 (base 7) in base 8?
-2405534
Convert 122201011001 (base 3) to base 12.
149877
-100110011111010011101101 (base 2) to base 15
-d44824
Convert 13030034 (base 7) to base 13.
325a33
What is 422924 (base 10) in base 6?
13021552
1333554 (base 8) to base 14
9a75a
What is -628940 (base 12) in base 2?
-101111010010101000000
ec72 (base 15) to base 5
3100212
Convert -11011101110010111100 (base 2) to base 9.
-1634167
-301411304 (base 5) to base 3
-2021000020011
111100011000111101000 (base 2) to base 4
13203013220
What is 101020122220100 (base 3) in base 12?
19a7446
What is 32330531 (base 6) in base 4?
3222200113
What is -5a092 (base 14) in base 8?
-655000
What is -7504003 (base 8) in base 15?
-297cd4
110000011101111010101110 (base 2) to base 11
7198883
Convert 101011111011011001011 (base 2) to base 9.
2633472
What is -10023302023 (base 4) in base 9?
-2051524
-1a54146 (base 13) to base 9
-17316517
What is 29955 (base 11) in base 15?
c875
What is 2818956 (base 10) in base 15?
3aa3a6
-1000111011110 (base 2) to base 14
-194a
Convert 30711 (base 14) to base 7.
664021
Convert 123218 (base 13) to base 2.
1101010010010100101
What is 1055263 (base 7) in base 3?
20200101211
3141014 (base 7) to base 5
44122322
-53250004 (base 7) to base 3
-22111110011211
Convert 76d24 (base 16) to base 5.
111033232
1120202011202 (base 3) to base 14
17c8b8
1a9710 (base 11) to base 3
121021100220
What is 22521bb (base 12) in base 2?
11001000101101110011111
107634 (base 10) to base 4
122101302
What is -5314321 (base 7) in base 13?
-19664b
Convert 141863 (base 15) to base 8.
3540747
What is -304482 (base 9) in base 8?
-540355
Convert -60051 (base 16) to base 10.
-393297
Convert -4588080 (base 10) to base 14.
-876080
Convert 13333233 (base 6) to base 14.
b9301
-11630156 (base 7) to base 9
-1868358
Convert -4057765 (base 8) to base 16.
-105ff5
Convert 105141154 (base 7) to base 8.
30254560
5a5a1 (base 11) to base 14
23b0b
Convert -275243 (base 8) to base 4.
-113222203
7133a1 (base 11) to base 4
10113321201
Convert -511412 (base 8) to base 9.
-276380
What is 7c4775 (base 13) in base 6?
143133550
What is 411344020 (base 5) in base 10?
1668635
What is -21a17 (base 14) in base 16?
-13e95
What is -28272755 (base 9) in base 10?
-13983566
Convert -86b64 (base 16) to base 9.
-1030808
-22268a (base 13) to base 2
-11000100100101101110
-726c6 (base 15) to base 10
-362661
2012111222211 (base 3) to base 12
485b4a
What is -123378 (base 12) in base 15?
-5ca92
Convert 120333133 (base 5) to base 9.
1041153
What is -1b77cc (base 13) in base 16?
-ab6f2
2200313 (base 7) to base 3
111200002112
Convert 2014362 (base 9) to base 10.
1072658
What is -41334542 (base 6) in base 4?
-10203222332
361030 (base 7) to base 16
fea7
-111032311230 (base 4) to base 6
-315143340
Convert 11050300 (base 6) to base 14.
895c8
Convert -32023011 (base 4) to base 8.
-161305
Convert -1011121002011001 (base 3) to base 8.
-100033176
What is -1444005 (base 7) in base 13?
-6b1c0
What is -7354624 (base 8) in base 13?
-536554
What is 10a996 (base 11) in base 2?
101010110111000011
Convert -838844 (base 9) to base 5.
-111423340
Convert -1204a9 (base 12) to base 3.
-112210012010
Convert -206c95 (base 15) to base 3.
-2220100000012
-12394 (base 13) to base 6
-415251
What is 121a (base 12) in base 13?
c0a
Convert -1112b1 (base 13) to base 8.
-1422145
Convert 1f691 (base 16) to base 7.
1044044
101120102001111 (base 3) to base 10
5617714
Convert 101100001010110010101 (base 2) to base 12.
599699
Convert 39242 (base 11) to base 5.
3244230
What is 2545021 (base 6) in base 13?
4b046
Convert 55228 (base 11) to base 6.
1414552
What is 110211020202000 (base 3) in base 14?
c95984
What is -12022321002 (base 4) in base 10?
-1617474
-4300204123 (base 5) to base 14
-12a093d
Convert 1544214 (base 6) to base 7.
531151
-11253431 (base 6) to base 12
-14a277
What is 10101212120021 (base 3) in base 11?
1025699
Convert 2112000002001 (base 3) to base 13.
37b316
109c24 (base 13) to base 9
658234
Convert -30312110111 (base 4) to base 16.
-336515
-25202214 (base 6) to base 7
-6610144
13032333 (base 5) to base 6
2420550
-2a45752 (base 11) to base 5
-2314013010
What is -28696 (base 10) in base 15?
-8781
What is -1132108 (base 10) in base 12?
-4671a4
What is 76371 (base 9) in base 14?
1462c
22064522 (base 7) to base 2
111001111011110110111
Convert 15146041 (base 7) to base 3.
2201011200221
What is -366415 (base 10) in base 3?
-200121121221
-4311325 (base 8) to base 16
-1192d5
Convert 80850 (base 16) to base 15.
a5e96
What is 24231122 (base 6) in base 12?
30b4a2
What is 1781651 (base 9) in base 4?
3303302011
What is 1b1b49 (base 14) in base 15?
14107a
32204255 (base 8) to base 13
15701a1
What is -10261335 (base 7) in base 2?
-11010100111010001111
What is -82aa2 (base 13) in base 16?
-394d0
Convert -2311133 (base 4) to base 8.
-26537
What is -11022000100 (base 4) in base 2?
-101001010000000010000
-c12561 (base 13) to base 7
-53105421
Convert -496b2a (base 12) to base 14.
-231174
100110011100010001011 (base 2) to base 6
42555431
2113787 (base 9) to base 4
10110030331
1202101201200 (base 3) to base 6
31555030
What is -831a19 (b